{"id":3980,"date":"2019-09-08T09:27:01","date_gmt":"2019-09-08T07:27:01","guid":{"rendered":"http:\/\/tkg-duisburg.de\/?page_id=3980"},"modified":"2024-05-22T21:08:34","modified_gmt":"2024-05-22T19:08:34","slug":"berufsorientierungscurriculum-der-theodor-koenig-gesamtschule","status":"publish","type":"page","link":"https:\/\/tkg-duisburg.de\/?page_id=3980","title":{"rendered":"Berufsorientierungs-curriculum der Theodor K\u00f6nig Gesamtschule"},"content":{"rendered":"<div class=\"wp-block-image\">\n<figure class=\"aligncenter is-resized\"><img loading=\"lazy\" decoding=\"async\" width=\"348\" height=\"449\" src=\"https:\/\/tkg-duisburg.de\/wp-content\/uploads\/2019\/09\/Bildschirmfoto-2019-09-21-um-16.31.56-e1569076384734.png\" alt=\"\" class=\"wp-image-4035\" style=\"width:215px;height:278px\" srcset=\"https:\/\/tkg-duisburg.de\/wp-content\/uploads\/2019\/09\/Bildschirmfoto-2019-09-21-um-16.31.56-e1569076384734.png 348w, https:\/\/tkg-duisburg.de\/wp-content\/uploads\/2019\/09\/Bildschirmfoto-2019-09-21-um-16.31.56-e1569076384734-233x300.png 233w\" sizes=\"auto, (max-width: 348px) 100vw, 348px\" \/><\/figure>\n<\/div>\n\n\n<p><em><strong>Inhalt:<\/strong><\/em><\/p>\n\n\n\n<p><a href=\"#1\">Zur Einf\u00fchrung<\/a><\/p>\n\n\n\n<p><a href=\"#2\">\u00dcberblick \u00fcber den BO-Prozess<\/a> <\/p>\n\n\n\n<hr class=\"wp-block-separator has-css-opacity\"\/>\n\n\n\n<p id=\"1\"><strong><em>Zur Einf\u00fchrung<\/em><\/strong><\/p>\n\n\n\n<p>Die Theodor-K\u00f6nig-Gesamtschule hat seit dem Schuljahr 2014\/2015 die Standardelemente des Landesvorhabens \u201eKein Abschluss ohne Anschluss \u2013 \u00dcbergang Schule-Beruf in NRW\u201c (\u201eKAoA\u201c) implementiert. Grundlage bildet der Bezugserlass des Ministeriums f\u00fcr Schule und Weiterbildung vom 16.12.2015. Die Umsetzung der Berufsorientierung ist im Erlass vom 21.10.2010 geregelt (vgl. Bass 12-21 Nr.1).<\/p>\n\n\n\n<p>Nun ist f\u00fcr alle Sch\u00fcler<sub>1<\/sub> ein verbindlicher Rahmen f\u00fcr die Gestaltung des \u00dcbergangs von der Schule in die Ausbildung oder ins Studium geschaffen. Mit dem vorliegenden BO-Curriculum ist ein System etabliert, das allen Sch\u00fclern eine systemische Studien- und Berufsorientierung sichert und ihre individuellen Anschlussplanungen mit Angeboten koordiniert.<\/p>\n\n\n\n<p>Vor Einf\u00fchrung des Landesvorhabens verf\u00fcgte die Schule bereits \u00fcber ein BO-Curriculum und zahlreiche Ma\u00dfnahmen zur Berufsorientierung, die fortlaufend fortgeschrieben und weiter entwickelt wurden und in weiten Teilen die Grundlage des nun vorliegenden Curriculums bilden.<\/p>\n\n\n\n<p>Die gesamte Schulgemeinschaft arbeitet an der Fortschreibung des Konzepts und der weiteren Qualit\u00e4tsentwicklung. Insbesondere die Klassen- und Fachlehrer arbeiten hier eng mit ihren Sch\u00fclern und den Eltern zusammen und begleiten diese im gesamten Prozess. Unterst\u00fctzt wird dieser Prozess von Koordinatoren f\u00fcr die Berufsorientierung (kurz \u201eStuBo\u201c). In den Jahrg\u00e4ngen 8-10 sind das Frau M\u00f6llenbeck, Herr \u00dcnal und Herr Temiz, die sich intensiv mit der Vorbereitung, der Planung, der Durchf\u00fchrung und Evaluation der einzelnen Bausteine besch\u00e4ftigen. Dabei arbeiten sie in Netzwerken sowohl innerschulisch als auch mit au\u00dferschulischen Partnern eng zusammen. Die Schulsozialarbeiter begleiten ebenfalls Sch\u00fcler in ihrer Entwicklung und arbeiten mit den Lehrern in multiprofessionellen Teams.<\/p>\n\n\n\n<p>Wir verstehen die Umsetzung und Weiterentwicklung dieser gemeinschaftlichen Arbeit als fortschreitenden Prozess, der h\u00e4ufig auch Ver\u00e4nderungen unterliegt. Dieses entspricht den Entwicklungen und st\u00e4ndigen Ver\u00e4nderungen auf dem Arbeitsmarkt und der Lebenswirklichkeit unserer Sch\u00fclerschaft.<\/p>\n\n\n\n<p>So hat die Berufsorientierung und die Berufswahlvorbereitung besonders in der Schule eine zunehmende und unverzichtbare Bedeutung. Alle Beteiligten der Theodor-K\u00f6nig-Gesamtschule wollen dieser Bedeutung Rechnung tragen und alle Jugendlichen beim \u00dcbergang Schule-Beruf unterst\u00fctzen und sie zu einem erfolgreichen Start in die Ausbildung und dem Studium begleiten.<\/p>\n\n\n\n<p><strong><em>Beate Marker<\/em><\/strong><\/p>\n\n\n\n<p><em>Abteilungsleiterin II<\/em><\/p>\n\n\n\n<p class=\"has-small-font-size\"><sub>1<\/sub> Zur besseren Lesbarkeit wird in der Folge nur die maskuline Form verwendet.<\/p>\n\n\n\n<p><a href=\"#top\">&#8230;zum Anfang<\/a><\/p>\n\n\n\n<hr class=\"wp-block-separator has-css-opacity\"\/>\n\n\n\n<p id=\"2\"><strong><em>\u00dcberblick \u00fcber den BO-Prozess<\/em><\/strong><\/p>\n\n\n<div class=\"wp-block-image\">\n<figure class=\"aligncenter size-full is-resized\"><img loading=\"lazy\" decoding=\"async\" width=\"1750\" height=\"432\" src=\"https:\/\/tkg-duisburg.de\/wp-content\/uploads\/2021\/10\/BSO_GIB_2.jpg\" alt=\"\" class=\"wp-image-6569\" style=\"width:812px;height:200px\" srcset=\"https:\/\/tkg-duisburg.de\/wp-content\/uploads\/2021\/10\/BSO_GIB_2.jpg 1750w, https:\/\/tkg-duisburg.de\/wp-content\/uploads\/2021\/10\/BSO_GIB_2-300x74.jpg 300w, https:\/\/tkg-duisburg.de\/wp-content\/uploads\/2021\/10\/BSO_GIB_2-1024x253.jpg 1024w, https:\/\/tkg-duisburg.de\/wp-content\/uploads\/2021\/10\/BSO_GIB_2-1536x379.jpg 1536w\" sizes=\"auto, (max-width: 1750px) 100vw, 1750px\" \/><\/figure>\n<\/div>\n\n\n<p><strong>Jahrgang 8<\/strong><\/p>\n\n\n\n<ul class=\"wp-block-list\">\n<li>Potenzialanalyse (Sch\u00fcler lernen ihre individuellen St\u00e4rken kennen, in Kooperation mit der Werkkiste. Sch\u00fcler erhalten eine ausf\u00fchrliche pers\u00f6nliche R\u00fcckmeldung und eine schriftliche Best\u00e4tigung.)<\/li>\n\n\n\n<li>Berufsfelder erkunden (mind. 3 Berufsfelder)<\/li>\n\n\n\n<li>Praxiskurse f\u00fcr Sch\u00fcler mit sonderp\u00e4dagogischem F\u00f6rderbedarf<\/li>\n\n\n\n<li>Anlegen des Berufswahlpasses als Begleiter der Berufsorientierung (hier werden alle Unterlagen der Berufswahlorientierung bis mindestens zur 10. Klasse gesammelt)<\/li>\n\n\n\n<li>KAoA-Star f\u00fcr Sch\u00fcler mit Reha-Status (Zusammenarbeit mit dem Inklusionsfachdienst)<\/li>\n<\/ul>\n\n\n\n<hr class=\"wp-block-separator has-css-opacity\"\/>\n\n\n\n<p><strong>Jahrgang 9<\/strong><\/p>\n\n\n\n<ul class=\"wp-block-list\">\n<li>2-w\u00f6chiges Betriebspraktikum<\/li>\n\n\n\n<li>Chancenwerk \u201eSch\u00fcler helfen Sch\u00fclern\u201c. Nach Vorbereitung durch einen Intensivkurs machen die Sch\u00fcler erste Erfahrungen im Umgang mit der Begleitung und Betreuung j\u00fcngerer Sch\u00fcler und erweitern so ihre sozialen Kompetenzen<\/li>\n\n\n\n<li>Besuch des Berufsinformationszentrums (BIZ)<\/li>\n\n\n\n<li>Eint\u00e4giges Assessment-Center zur Vorbereitung auf ein Vorstellungsgespr\u00e4ch in Zusammenarbeit mit der AOK<\/li>\n\n\n\n<li>Individuelle Termine der Berufsberatung durch das Arbeitsamt im Hause<\/li>\n\n\n\n<li>ChancenWork: Eint\u00e4gige Intensivkurse z.B. \u201eDurchblick\u201c zum richtigenUmgang mit Geld, \u201eBenimm-Kurs\u201c, Besuch durch Auszubildende in Zusammenarbeit mit unterschiedlichen Tr\u00e4gern (je nach Verf\u00fcgbarkeit) in Zusammenarbeit mit Chancenwerk<\/li>\n\n\n\n<li>Weitergabe aktueller Informationen und Brosch\u00fcren durch Klassenlehrer und StuBO<\/li>\n\n\n\n<li>Anschlussvereinbarungen werden nach Beratung jedes Sch\u00fclers und den Eltern durch die Klassenleitung schriftlich getroffen und in Jg. 10 \u00fcberpr\u00fcft und fortgef\u00fchrt<\/li>\n\n\n\n<li>Begleitung durch BerEB (Berufseinstiegsbegleitung in Zusammenhang mit dem Kolpingwerk Essen)<\/li>\n\n\n\n<li>Sonderprojekte f\u00fcr Sch\u00fcler mit sonderp\u00e4dagogischem F\u00f6rderbedarf und Sch\u00fclern mit Behinderung (Kooperation mit dem Landschaftverband Rheinland, STAR-Projekt Weiterf\u00fchrung)<\/li>\n\n\n\n<li>Berufsprojekte \u201eStart\u201c in Kooperation mit Lidl und \u201eSprungbrett\u201c in Kooperation mit Thyssen Krupp Steel und benachbarten weiterf\u00fchrenden Schulen \u00fcber einen Zeitraum von 2 Jahren mit dem Ziel eines Ausbildungsvertrages.<\/li>\n<\/ul>\n\n\n\n<p><\/p>\n\n\n\n<p><strong>Jahrgang 10<\/strong><\/p>\n\n\n\n<ul class=\"wp-block-list\">\n<li>2- w\u00f6chiges Betriebspraktikum<\/li>\n\n\n\n<li>Chancenwerk (siehe Jahrgang 9)<\/li>\n\n\n\n<li>Berufsvorbereitende BV-Klasse. Hier absolvieren besonders interessierte Sch\u00fcler \u00fcber ein Schuljahr hinweg donnerstags ein Jahrespraktikum<\/li>\n\n\n\n<li>Infoveranstaltung \u201eDuisburger Berufskollegs stellen sich vor\u201c<\/li>\n\n\n\n<li>Individuelle Berufsberatung durch die Agentur f\u00fcr Arbeit<\/li>\n\n\n\n<li>Besuch von Bildungsmessen<\/li>\n\n\n\n<li>F\u00fcr den \u00dcbergang in die gymnasiale Oberstufe wird ein Br\u00fcckenkurs am Ende der 10. Klasse durchgef\u00fchrt<\/li>\n\n\n\n<li>Begleitung durch BerEB (Berufseinstiegsbegleitung)<\/li>\n\n\n\n<li>\u201eStart\u201c und \u201eSprungbrett\u201c (siehe Jahrgang 9)<\/li>\n\n\n\n<li>\u201eDein Perfekter Auftritt\u201c, Knigge-Trainer der Malteser, Intensivkurs<\/li>\n\n\n\n<li>Berufsparcours bei ThyssenKrupp Steel<\/li>\n<\/ul>\n\n\n\n<p><a href=\"#top\">&#8230;zum Anfang<\/a><\/p>\n\n\n\n<hr class=\"wp-block-separator has-css-opacity\"\/>\n\n\n\n<p><\/p>\n","protected":false},"excerpt":{"rendered":"<p>Inhalt: Zur Einf\u00fchrung \u00dcberblick \u00fcber den BO-Prozess Zur Einf\u00fchrung Die Theodor-K\u00f6nig-Gesamtschule hat seit dem Schuljahr 2014\/2015 die Standardelemente des Landesvorhabens \u201eKein Abschluss ohne Anschluss \u2013 \u00dcbergang Schule-Beruf in NRW\u201c (\u201eKAoA\u201c) implementiert. Grundlage bildet der Bezugserlass des Ministeriums f\u00fcr Schule und Weiterbildung vom 16.12.2015. Die Umsetzung der Berufsorientierung ist im Erlass vom 21.10.2010 geregelt (vgl. Bass &hellip; <a href=\"https:\/\/tkg-duisburg.de\/?page_id=3980\" class=\"more-link\"><span class=\"screen-reader-text\">Berufsorientierungs-curriculum der Theodor K\u00f6nig Gesamtschule<\/span> weiterlesen <span class=\"meta-nav\">&rarr;<\/span><\/a><\/p>\n","protected":false},"author":1,"featured_media":0,"parent":0,"menu_order":0,"comment_status":"closed","ping_status":"closed","template":"","meta":{"footnotes":""},"class_list":["post-3980","page","type-page","status-publish","hentry"],"yoast_head":"<!-- This site is optimized with the Yoast SEO plugin v22.6 - https:\/\/yoast.com\/wordpress\/plugins\/seo\/ -->\n<title>Berufsorientierungs-curriculum der Theodor K\u00f6nig Gesamtschule - Theodor K\u00f6nig Gesamtschule Duisburg<\/title>\n<meta name=\"robots\" content=\"index, follow, max-snippet:-1, max-image-preview:large, max-video-preview:-1\" \/>\n<link rel=\"canonical\" href=\"https:\/\/tkg-duisburg.de\/?page_id=3980\" \/>\n<meta property=\"og:locale\" content=\"de_DE\" \/>\n<meta property=\"og:type\" content=\"article\" \/>\n<meta property=\"og:title\" content=\"Berufsorientierungs-curriculum der Theodor K\u00f6nig Gesamtschule - Theodor K\u00f6nig Gesamtschule Duisburg\" \/>\n<meta property=\"og:description\" content=\"Inhalt: Zur Einf\u00fchrung \u00dcberblick \u00fcber den BO-Prozess Zur Einf\u00fchrung Die Theodor-K\u00f6nig-Gesamtschule hat seit dem Schuljahr 2014\/2015 die Standardelemente des Landesvorhabens \u201eKein Abschluss ohne Anschluss \u2013 \u00dcbergang Schule-Beruf in NRW\u201c (\u201eKAoA\u201c) implementiert. Grundlage bildet der Bezugserlass des Ministeriums f\u00fcr Schule und Weiterbildung vom 16.12.2015. Die Umsetzung der Berufsorientierung ist im Erlass vom 21.10.2010 geregelt (vgl. Bass &hellip; Berufsorientierungs-curriculum der Theodor K\u00f6nig Gesamtschule weiterlesen &rarr;\" \/>\n<meta property=\"og:url\" content=\"https:\/\/tkg-duisburg.de\/?page_id=3980\" \/>\n<meta property=\"og:site_name\" content=\"Theodor K\u00f6nig Gesamtschule Duisburg\" \/>\n<meta property=\"article:modified_time\" content=\"2024-05-22T19:08:34+00:00\" \/>\n<meta property=\"og:image\" content=\"http:\/\/tkg-duisburg.de\/wp-content\/uploads\/2019\/09\/Bildschirmfoto-2019-09-21-um-16.31.56-e1569076384734.png\" \/>\n<meta name=\"twitter:card\" content=\"summary_large_image\" \/>\n<meta name=\"twitter:label1\" content=\"Gesch\u00e4tzte Lesezeit\" \/>\n\t<meta name=\"twitter:data1\" content=\"4\u00a0Minuten\" \/>\n<script type=\"application\/ld+json\" class=\"yoast-schema-graph\">{\"@context\":\"https:\/\/schema.org\",\"@graph\":[{\"@type\":\"WebPage\",\"@id\":\"https:\/\/tkg-duisburg.de\/?page_id=3980\",\"url\":\"https:\/\/tkg-duisburg.de\/?page_id=3980\",\"name\":\"Berufsorientierungs-curriculum der Theodor K\u00f6nig Gesamtschule - Theodor K\u00f6nig Gesamtschule Duisburg\",\"isPartOf\":{\"@id\":\"https:\/\/tkg-duisburg.de\/#website\"},\"primaryImageOfPage\":{\"@id\":\"https:\/\/tkg-duisburg.de\/?page_id=3980#primaryimage\"},\"image\":{\"@id\":\"https:\/\/tkg-duisburg.de\/?page_id=3980#primaryimage\"},\"thumbnailUrl\":\"http:\/\/tkg-duisburg.de\/wp-content\/uploads\/2019\/09\/Bildschirmfoto-2019-09-21-um-16.31.56-e1569076384734.png\",\"datePublished\":\"2019-09-08T07:27:01+00:00\",\"dateModified\":\"2024-05-22T19:08:34+00:00\",\"breadcrumb\":{\"@id\":\"https:\/\/tkg-duisburg.de\/?page_id=3980#breadcrumb\"},\"inLanguage\":\"de\",\"potentialAction\":[{\"@type\":\"ReadAction\",\"target\":[\"https:\/\/tkg-duisburg.de\/?page_id=3980\"]}]},{\"@type\":\"ImageObject\",\"inLanguage\":\"de\",\"@id\":\"https:\/\/tkg-duisburg.de\/?page_id=3980#primaryimage\",\"url\":\"http:\/\/tkg-duisburg.de\/wp-content\/uploads\/2019\/09\/Bildschirmfoto-2019-09-21-um-16.31.56-e1569076384734.png\",\"contentUrl\":\"http:\/\/tkg-duisburg.de\/wp-content\/uploads\/2019\/09\/Bildschirmfoto-2019-09-21-um-16.31.56-e1569076384734.png\"},{\"@type\":\"BreadcrumbList\",\"@id\":\"https:\/\/tkg-duisburg.de\/?page_id=3980#breadcrumb\",\"itemListElement\":[{\"@type\":\"ListItem\",\"position\":1,\"name\":\"Startseite\",\"item\":\"https:\/\/tkg-duisburg.de\/\"},{\"@type\":\"ListItem\",\"position\":2,\"name\":\"Berufsorientierungs-curriculum der Theodor K\u00f6nig Gesamtschule\"}]},{\"@type\":\"WebSite\",\"@id\":\"https:\/\/tkg-duisburg.de\/#website\",\"url\":\"https:\/\/tkg-duisburg.de\/\",\"name\":\"Theodor K\u00f6nig Gesamtschule Duisburg\",\"description\":\"\",\"potentialAction\":[{\"@type\":\"SearchAction\",\"target\":{\"@type\":\"EntryPoint\",\"urlTemplate\":\"https:\/\/tkg-duisburg.de\/?s={search_term_string}\"},\"query-input\":\"required name=search_term_string\"}],\"inLanguage\":\"de\"}]}<\/script>\n<!-- \/ Yoast SEO plugin. -->","yoast_head_json":{"title":"Berufsorientierungs-curriculum der Theodor K\u00f6nig Gesamtschule - Theodor K\u00f6nig Gesamtschule Duisburg","robots":{"index":"index","follow":"follow","max-snippet":"max-snippet:-1","max-image-preview":"max-image-preview:large","max-video-preview":"max-video-preview:-1"},"canonical":"https:\/\/tkg-duisburg.de\/?page_id=3980","og_locale":"de_DE","og_type":"article","og_title":"Berufsorientierungs-curriculum der Theodor K\u00f6nig Gesamtschule - Theodor K\u00f6nig Gesamtschule Duisburg","og_description":"Inhalt: Zur Einf\u00fchrung \u00dcberblick \u00fcber den BO-Prozess Zur Einf\u00fchrung Die Theodor-K\u00f6nig-Gesamtschule hat seit dem Schuljahr 2014\/2015 die Standardelemente des Landesvorhabens \u201eKein Abschluss ohne Anschluss \u2013 \u00dcbergang Schule-Beruf in NRW\u201c (\u201eKAoA\u201c) implementiert. Grundlage bildet der Bezugserlass des Ministeriums f\u00fcr Schule und Weiterbildung vom 16.12.2015. Die Umsetzung der Berufsorientierung ist im Erlass vom 21.10.2010 geregelt (vgl. Bass &hellip; Berufsorientierungs-curriculum der Theodor K\u00f6nig Gesamtschule weiterlesen &rarr;","og_url":"https:\/\/tkg-duisburg.de\/?page_id=3980","og_site_name":"Theodor K\u00f6nig Gesamtschule Duisburg","article_modified_time":"2024-05-22T19:08:34+00:00","og_image":[{"url":"http:\/\/tkg-duisburg.de\/wp-content\/uploads\/2019\/09\/Bildschirmfoto-2019-09-21-um-16.31.56-e1569076384734.png"}],"twitter_card":"summary_large_image","twitter_misc":{"Gesch\u00e4tzte Lesezeit":"4\u00a0Minuten"},"schema":{"@context":"https:\/\/schema.org","@graph":[{"@type":"WebPage","@id":"https:\/\/tkg-duisburg.de\/?page_id=3980","url":"https:\/\/tkg-duisburg.de\/?page_id=3980","name":"Berufsorientierungs-curriculum der Theodor K\u00f6nig Gesamtschule - Theodor K\u00f6nig Gesamtschule Duisburg","isPartOf":{"@id":"https:\/\/tkg-duisburg.de\/#website"},"primaryImageOfPage":{"@id":"https:\/\/tkg-duisburg.de\/?page_id=3980#primaryimage"},"image":{"@id":"https:\/\/tkg-duisburg.de\/?page_id=3980#primaryimage"},"thumbnailUrl":"http:\/\/tkg-duisburg.de\/wp-content\/uploads\/2019\/09\/Bildschirmfoto-2019-09-21-um-16.31.56-e1569076384734.png","datePublished":"2019-09-08T07:27:01+00:00","dateModified":"2024-05-22T19:08:34+00:00","breadcrumb":{"@id":"https:\/\/tkg-duisburg.de\/?page_id=3980#breadcrumb"},"inLanguage":"de","potentialAction":[{"@type":"ReadAction","target":["https:\/\/tkg-duisburg.de\/?page_id=3980"]}]},{"@type":"ImageObject","inLanguage":"de","@id":"https:\/\/tkg-duisburg.de\/?page_id=3980#primaryimage","url":"http:\/\/tkg-duisburg.de\/wp-content\/uploads\/2019\/09\/Bildschirmfoto-2019-09-21-um-16.31.56-e1569076384734.png","contentUrl":"http:\/\/tkg-duisburg.de\/wp-content\/uploads\/2019\/09\/Bildschirmfoto-2019-09-21-um-16.31.56-e1569076384734.png"},{"@type":"BreadcrumbList","@id":"https:\/\/tkg-duisburg.de\/?page_id=3980#breadcrumb","itemListElement":[{"@type":"ListItem","position":1,"name":"Startseite","item":"https:\/\/tkg-duisburg.de\/"},{"@type":"ListItem","position":2,"name":"Berufsorientierungs-curriculum der Theodor K\u00f6nig Gesamtschule"}]},{"@type":"WebSite","@id":"https:\/\/tkg-duisburg.de\/#website","url":"https:\/\/tkg-duisburg.de\/","name":"Theodor K\u00f6nig Gesamtschule Duisburg","description":"","potentialAction":[{"@type":"SearchAction","target":{"@type":"EntryPoint","urlTemplate":"https:\/\/tkg-duisburg.de\/?s={search_term_string}"},"query-input":"required name=search_term_string"}],"inLanguage":"de"}]}},"_links":{"self":[{"href":"https:\/\/tkg-duisburg.de\/index.php?rest_route=\/wp\/v2\/pages\/3980","targetHints":{"allow":["GET"]}}],"collection":[{"href":"https:\/\/tkg-duisburg.de\/index.php?rest_route=\/wp\/v2\/pages"}],"about":[{"href":"https:\/\/tkg-duisburg.de\/index.php?rest_route=\/wp\/v2\/types\/page"}],"author":[{"embeddable":true,"href":"https:\/\/tkg-duisburg.de\/index.php?rest_route=\/wp\/v2\/users\/1"}],"replies":[{"embeddable":true,"href":"https:\/\/tkg-duisburg.de\/index.php?rest_route=%2Fwp%2Fv2%2Fcomments&post=3980"}],"version-history":[{"count":13,"href":"https:\/\/tkg-duisburg.de\/index.php?rest_route=\/wp\/v2\/pages\/3980\/revisions"}],"predecessor-version":[{"id":8303,"href":"https:\/\/tkg-duisburg.de\/index.php?rest_route=\/wp\/v2\/pages\/3980\/revisions\/8303"}],"wp:attachment":[{"href":"https:\/\/tkg-duisburg.de\/index.php?rest_route=%2Fwp%2Fv2%2Fmedia&parent=3980"}],"curies":[{"name":"wp","href":"https:\/\/api.w.org\/{rel}","templated":true}]}}