{"id":4020,"date":"2019-09-21T10:52:37","date_gmt":"2019-09-21T08:52:37","guid":{"rendered":"http:\/\/tkg-duisburg.de\/?page_id=4020"},"modified":"2024-05-05T10:23:03","modified_gmt":"2024-05-05T08:23:03","slug":"die-schuelervertretung-der-tkg","status":"publish","type":"page","link":"https:\/\/tkg-duisburg.de\/?page_id=4020","title":{"rendered":"Die Sch\u00fclervertretung der TKG"},"content":{"rendered":"\n<p>\u00a0<strong>Wir wollen was erreichen \u2013 Wir werden was erreichen \u2013 Wir haben was erreicht!\u00a0<\/strong><\/p>\n\n\n\n<figure class=\"wp-block-image size-large\"><img loading=\"lazy\" decoding=\"async\" width=\"1024\" height=\"364\" src=\"https:\/\/tkg-duisburg.de\/wp-content\/uploads\/2024\/05\/Bildschirmfoto-2024-05-05-um-10.18.25-1024x364.png\" alt=\"\" class=\"wp-image-8283\" srcset=\"https:\/\/tkg-duisburg.de\/wp-content\/uploads\/2024\/05\/Bildschirmfoto-2024-05-05-um-10.18.25-1024x364.png 1024w, https:\/\/tkg-duisburg.de\/wp-content\/uploads\/2024\/05\/Bildschirmfoto-2024-05-05-um-10.18.25-300x107.png 300w, https:\/\/tkg-duisburg.de\/wp-content\/uploads\/2024\/05\/Bildschirmfoto-2024-05-05-um-10.18.25-1536x547.png 1536w, https:\/\/tkg-duisburg.de\/wp-content\/uploads\/2024\/05\/Bildschirmfoto-2024-05-05-um-10.18.25.png 1652w\" sizes=\"auto, (max-width: 1024px) 100vw, 1024px\" \/><\/figure>\n\n\n\n<p>\u00a0<strong>Die TKG-Sch\u00fclervertretungen mischen mit, aber was genau ist die Sch\u00fclervertretungsarbeit \u00fcberhaupt?\u00a0<\/strong><\/p>\n\n\n\n<p>Sch\u00fclervertretung ist Interessenvertretung! Es bedeutet, dass sich Sch\u00fcler_innen f\u00fcr die Meinungen und W\u00fcnsche ihrer Mitsch\u00fcler_innen und sich selbst starkmachen. Es hei\u00dft also, dass sich Schule so ver\u00e4ndert, dass alle Menschen an der Schule ihr ein Gesicht geben und ihre Meinungen sagen k\u00f6nnen sowie Geh\u00f6r finden.&nbsp;<\/p>\n\n\n\n<p>Dabei ist die Sch\u00fclervertretungsarbeit nicht immer bequem und einfach, aber lasst euch nicht entmutigen, denn Sch\u00fclervertretungsarbeit kann richtig viel erreichen!\u00a0<\/p>\n\n\n\n<p class=\"has-text-align-center\">\u00a0Das ist unsere aktuelle <strong>Sch\u00fclervertretung <\/strong>aus dem Schuljahr 2023\/24\u00a0<\/p>\n\n\n<div class=\"wp-block-image\">\n<figure class=\"aligncenter size-full is-resized\"><img loading=\"lazy\" decoding=\"async\" width=\"611\" height=\"376\" src=\"https:\/\/tkg-duisburg.de\/wp-content\/uploads\/2024\/05\/image.png\" alt=\"\" class=\"wp-image-8281\" style=\"width:427px;height:auto\" srcset=\"https:\/\/tkg-duisburg.de\/wp-content\/uploads\/2024\/05\/image.png 611w, https:\/\/tkg-duisburg.de\/wp-content\/uploads\/2024\/05\/image-300x185.png 300w\" sizes=\"auto, (max-width: 611px) 100vw, 611px\" \/><figcaption class=\"wp-element-caption\">Eva, Noor, Dania, Malik (Q1)<\/figcaption><\/figure>\n<\/div>\n\n\n<p>Au\u00dferdem wird die Sch\u00fclervertretung von engagierten Verbindungslehrer_innen unterst\u00fctzt. Sie helfen bei der Planung und Durchf\u00fchrung von Projekten, sind beratend und begleitend. Zudem ist es das Ziel, dass Sch\u00fcler_innen lernen Eigenverantwortung zu \u00fcbernehmen und die SV-Lehrer_innen sich dabei als Unterst\u00fctzer_in verstehen.\u00a0<\/p>\n\n\n\n<p>Unsere aktuellen <strong>SV-Lehrer_innen <\/strong>aus dem Schuljahr 2023\/24\u00a0<\/p>\n\n\n<div class=\"wp-block-image\">\n<figure class=\"aligncenter size-full is-resized\"><img loading=\"lazy\" decoding=\"async\" width=\"507\" height=\"530\" src=\"https:\/\/tkg-duisburg.de\/wp-content\/uploads\/2024\/05\/image-1.png\" alt=\"\" class=\"wp-image-8284\" style=\"width:310px;height:auto\" srcset=\"https:\/\/tkg-duisburg.de\/wp-content\/uploads\/2024\/05\/image-1.png 507w, https:\/\/tkg-duisburg.de\/wp-content\/uploads\/2024\/05\/image-1-287x300.png 287w\" sizes=\"auto, (max-width: 507px) 100vw, 507px\" \/><figcaption class=\"wp-element-caption\">Frau Ramirez, Herr Simon, Frau Wolz<\/figcaption><\/figure>\n<\/div>\n\n\n<p><strong>Wir haben erreicht: <\/strong>Aktive Teilnahme an den Besprechungen der neuen Klassent\u00fcrme, der Nutzung der Freifl\u00e4che sowie der Klassenraumverteilung und der Hausordnung, Rosenaktion zum Valentinstag, Nikolausaktion zum Nikolaustag, Teilnahme am \u201eChange-School Summit\u201c in Bremerhaven.\u00a0<\/p>\n\n\n\n<figure class=\"wp-block-gallery has-nested-images columns-default is-cropped wp-block-gallery-1 is-layout-flex wp-block-gallery-is-layout-flex\">\n<figure class=\"wp-block-image size-full\"><img loading=\"lazy\" decoding=\"async\" width=\"369\" height=\"406\" data-id=\"8288\" src=\"https:\/\/tkg-duisburg.de\/wp-content\/uploads\/2024\/05\/image-3.png\" alt=\"\" class=\"wp-image-8288\" srcset=\"https:\/\/tkg-duisburg.de\/wp-content\/uploads\/2024\/05\/image-3.png 369w, https:\/\/tkg-duisburg.de\/wp-content\/uploads\/2024\/05\/image-3-273x300.png 273w\" sizes=\"auto, (max-width: 369px) 100vw, 369px\" \/><\/figure>\n\n\n\n<figure class=\"wp-block-image size-full\"><img loading=\"lazy\" decoding=\"async\" width=\"367\" height=\"401\" data-id=\"8287\" src=\"https:\/\/tkg-duisburg.de\/wp-content\/uploads\/2024\/05\/image-4.png\" alt=\"\" class=\"wp-image-8287\" srcset=\"https:\/\/tkg-duisburg.de\/wp-content\/uploads\/2024\/05\/image-4.png 367w, https:\/\/tkg-duisburg.de\/wp-content\/uploads\/2024\/05\/image-4-275x300.png 275w\" sizes=\"auto, (max-width: 367px) 100vw, 367px\" \/><\/figure>\n\n\n\n<figure class=\"wp-block-image size-full\"><img loading=\"lazy\" decoding=\"async\" width=\"378\" height=\"398\" data-id=\"8285\" src=\"https:\/\/tkg-duisburg.de\/wp-content\/uploads\/2024\/05\/image-2.png\" alt=\"\" class=\"wp-image-8285\" srcset=\"https:\/\/tkg-duisburg.de\/wp-content\/uploads\/2024\/05\/image-2.png 378w, https:\/\/tkg-duisburg.de\/wp-content\/uploads\/2024\/05\/image-2-285x300.png 285w\" sizes=\"auto, (max-width: 378px) 100vw, 378px\" \/><\/figure>\n<\/figure>\n\n\n\n<p><strong>Wir wollen und werden erreichen: <\/strong>Teilnahme an einem SV-Seminar, Planung Tag der offenen T\u00fcr sowie eine Weihnachtsspendenaktion, etc.&nbsp;<\/p>\n\n\n\n<p>W\u00fcnsche, Ideen und Anregungen k\u00f6nnen jederzeit an uns weitergegeben werden.\u00a0<\/p>\n\n\n\n<p>Euer <strong>SV-Team\u00a0<\/strong><\/p>\n","protected":false},"excerpt":{"rendered":"<p>\u00a0Wir wollen was erreichen \u2013 Wir werden was erreichen \u2013 Wir haben was erreicht!\u00a0 \u00a0Die TKG-Sch\u00fclervertretungen mischen mit, aber was genau ist die Sch\u00fclervertretungsarbeit \u00fcberhaupt?\u00a0 Sch\u00fclervertretung ist Interessenvertretung! Es bedeutet, dass sich Sch\u00fcler_innen f\u00fcr die Meinungen und W\u00fcnsche ihrer Mitsch\u00fcler_innen und sich selbst starkmachen. Es hei\u00dft also, dass sich Schule so ver\u00e4ndert, dass alle Menschen &hellip; <a href=\"https:\/\/tkg-duisburg.de\/?page_id=4020\" class=\"more-link\"><span class=\"screen-reader-text\">Die Sch\u00fclervertretung der TKG<\/span> weiterlesen <span class=\"meta-nav\">&rarr;<\/span><\/a><\/p>\n","protected":false},"author":5,"featured_media":0,"parent":0,"menu_order":0,"comment_status":"closed","ping_status":"closed","template":"","meta":{"footnotes":""},"class_list":["post-4020","page","type-page","status-publish","hentry"],"yoast_head":"<!-- This site is optimized with the Yoast SEO plugin v22.6 - https:\/\/yoast.com\/wordpress\/plugins\/seo\/ -->\n<title>Die Sch\u00fclervertretung der TKG - Theodor K\u00f6nig Gesamtschule Duisburg<\/title>\n<meta name=\"robots\" content=\"index, follow, max-snippet:-1, max-image-preview:large, max-video-preview:-1\" \/>\n<link rel=\"canonical\" href=\"https:\/\/tkg-duisburg.de\/?page_id=4020\" \/>\n<meta property=\"og:locale\" content=\"de_DE\" \/>\n<meta property=\"og:type\" content=\"article\" \/>\n<meta property=\"og:title\" content=\"Die Sch\u00fclervertretung der TKG - Theodor K\u00f6nig Gesamtschule Duisburg\" \/>\n<meta property=\"og:description\" content=\"\u00a0Wir wollen was erreichen \u2013 Wir werden was erreichen \u2013 Wir haben was erreicht!\u00a0 \u00a0Die TKG-Sch\u00fclervertretungen mischen mit, aber was genau ist die Sch\u00fclervertretungsarbeit \u00fcberhaupt?\u00a0 Sch\u00fclervertretung ist Interessenvertretung! Es bedeutet, dass sich Sch\u00fcler_innen f\u00fcr die Meinungen und W\u00fcnsche ihrer Mitsch\u00fcler_innen und sich selbst starkmachen. Es hei\u00dft also, dass sich Schule so ver\u00e4ndert, dass alle Menschen &hellip; Die Sch\u00fclervertretung der TKG weiterlesen &rarr;\" \/>\n<meta property=\"og:url\" content=\"https:\/\/tkg-duisburg.de\/?page_id=4020\" \/>\n<meta property=\"og:site_name\" content=\"Theodor K\u00f6nig Gesamtschule Duisburg\" \/>\n<meta property=\"article:modified_time\" content=\"2024-05-05T08:23:03+00:00\" \/>\n<meta property=\"og:image\" content=\"https:\/\/tkg-duisburg.de\/wp-content\/uploads\/2024\/05\/Bildschirmfoto-2024-05-05-um-10.18.25-1024x364.png\" \/>\n<meta name=\"twitter:card\" content=\"summary_large_image\" \/>\n<meta name=\"twitter:label1\" content=\"Gesch\u00e4tzte Lesezeit\" \/>\n\t<meta name=\"twitter:data1\" content=\"1\u00a0Minute\" \/>\n<script type=\"application\/ld+json\" class=\"yoast-schema-graph\">{\"@context\":\"https:\/\/schema.org\",\"@graph\":[{\"@type\":\"WebPage\",\"@id\":\"https:\/\/tkg-duisburg.de\/?page_id=4020\",\"url\":\"https:\/\/tkg-duisburg.de\/?page_id=4020\",\"name\":\"Die Sch\u00fclervertretung der TKG - Theodor K\u00f6nig Gesamtschule Duisburg\",\"isPartOf\":{\"@id\":\"https:\/\/tkg-duisburg.de\/#website\"},\"primaryImageOfPage\":{\"@id\":\"https:\/\/tkg-duisburg.de\/?page_id=4020#primaryimage\"},\"image\":{\"@id\":\"https:\/\/tkg-duisburg.de\/?page_id=4020#primaryimage\"},\"thumbnailUrl\":\"https:\/\/tkg-duisburg.de\/wp-content\/uploads\/2024\/05\/Bildschirmfoto-2024-05-05-um-10.18.25-1024x364.png\",\"datePublished\":\"2019-09-21T08:52:37+00:00\",\"dateModified\":\"2024-05-05T08:23:03+00:00\",\"breadcrumb\":{\"@id\":\"https:\/\/tkg-duisburg.de\/?page_id=4020#breadcrumb\"},\"inLanguage\":\"de\",\"potentialAction\":[{\"@type\":\"ReadAction\",\"target\":[\"https:\/\/tkg-duisburg.de\/?page_id=4020\"]}]},{\"@type\":\"ImageObject\",\"inLanguage\":\"de\",\"@id\":\"https:\/\/tkg-duisburg.de\/?page_id=4020#primaryimage\",\"url\":\"https:\/\/tkg-duisburg.de\/wp-content\/uploads\/2024\/05\/Bildschirmfoto-2024-05-05-um-10.18.25.png\",\"contentUrl\":\"https:\/\/tkg-duisburg.de\/wp-content\/uploads\/2024\/05\/Bildschirmfoto-2024-05-05-um-10.18.25.png\",\"width\":1652,\"height\":588},{\"@type\":\"BreadcrumbList\",\"@id\":\"https:\/\/tkg-duisburg.de\/?page_id=4020#breadcrumb\",\"itemListElement\":[{\"@type\":\"ListItem\",\"position\":1,\"name\":\"Startseite\",\"item\":\"https:\/\/tkg-duisburg.de\/\"},{\"@type\":\"ListItem\",\"position\":2,\"name\":\"Die Sch\u00fclervertretung der TKG\"}]},{\"@type\":\"WebSite\",\"@id\":\"https:\/\/tkg-duisburg.de\/#website\",\"url\":\"https:\/\/tkg-duisburg.de\/\",\"name\":\"Theodor K\u00f6nig Gesamtschule Duisburg\",\"description\":\"\",\"potentialAction\":[{\"@type\":\"SearchAction\",\"target\":{\"@type\":\"EntryPoint\",\"urlTemplate\":\"https:\/\/tkg-duisburg.de\/?s={search_term_string}\"},\"query-input\":\"required name=search_term_string\"}],\"inLanguage\":\"de\"}]}<\/script>\n<!-- \/ Yoast SEO plugin. -->","yoast_head_json":{"title":"Die Sch\u00fclervertretung der TKG - Theodor K\u00f6nig Gesamtschule Duisburg","robots":{"index":"index","follow":"follow","max-snippet":"max-snippet:-1","max-image-preview":"max-image-preview:large","max-video-preview":"max-video-preview:-1"},"canonical":"https:\/\/tkg-duisburg.de\/?page_id=4020","og_locale":"de_DE","og_type":"article","og_title":"Die Sch\u00fclervertretung der TKG - Theodor K\u00f6nig Gesamtschule Duisburg","og_description":"\u00a0Wir wollen was erreichen \u2013 Wir werden was erreichen \u2013 Wir haben was erreicht!\u00a0 \u00a0Die TKG-Sch\u00fclervertretungen mischen mit, aber was genau ist die Sch\u00fclervertretungsarbeit \u00fcberhaupt?\u00a0 Sch\u00fclervertretung ist Interessenvertretung! Es bedeutet, dass sich Sch\u00fcler_innen f\u00fcr die Meinungen und W\u00fcnsche ihrer Mitsch\u00fcler_innen und sich selbst starkmachen. Es hei\u00dft also, dass sich Schule so ver\u00e4ndert, dass alle Menschen &hellip; Die Sch\u00fclervertretung der TKG weiterlesen &rarr;","og_url":"https:\/\/tkg-duisburg.de\/?page_id=4020","og_site_name":"Theodor K\u00f6nig Gesamtschule Duisburg","article_modified_time":"2024-05-05T08:23:03+00:00","og_image":[{"url":"https:\/\/tkg-duisburg.de\/wp-content\/uploads\/2024\/05\/Bildschirmfoto-2024-05-05-um-10.18.25-1024x364.png"}],"twitter_card":"summary_large_image","twitter_misc":{"Gesch\u00e4tzte Lesezeit":"1\u00a0Minute"},"schema":{"@context":"https:\/\/schema.org","@graph":[{"@type":"WebPage","@id":"https:\/\/tkg-duisburg.de\/?page_id=4020","url":"https:\/\/tkg-duisburg.de\/?page_id=4020","name":"Die Sch\u00fclervertretung der TKG - Theodor K\u00f6nig Gesamtschule Duisburg","isPartOf":{"@id":"https:\/\/tkg-duisburg.de\/#website"},"primaryImageOfPage":{"@id":"https:\/\/tkg-duisburg.de\/?page_id=4020#primaryimage"},"image":{"@id":"https:\/\/tkg-duisburg.de\/?page_id=4020#primaryimage"},"thumbnailUrl":"https:\/\/tkg-duisburg.de\/wp-content\/uploads\/2024\/05\/Bildschirmfoto-2024-05-05-um-10.18.25-1024x364.png","datePublished":"2019-09-21T08:52:37+00:00","dateModified":"2024-05-05T08:23:03+00:00","breadcrumb":{"@id":"https:\/\/tkg-duisburg.de\/?page_id=4020#breadcrumb"},"inLanguage":"de","potentialAction":[{"@type":"ReadAction","target":["https:\/\/tkg-duisburg.de\/?page_id=4020"]}]},{"@type":"ImageObject","inLanguage":"de","@id":"https:\/\/tkg-duisburg.de\/?page_id=4020#primaryimage","url":"https:\/\/tkg-duisburg.de\/wp-content\/uploads\/2024\/05\/Bildschirmfoto-2024-05-05-um-10.18.25.png","contentUrl":"https:\/\/tkg-duisburg.de\/wp-content\/uploads\/2024\/05\/Bildschirmfoto-2024-05-05-um-10.18.25.png","width":1652,"height":588},{"@type":"BreadcrumbList","@id":"https:\/\/tkg-duisburg.de\/?page_id=4020#breadcrumb","itemListElement":[{"@type":"ListItem","position":1,"name":"Startseite","item":"https:\/\/tkg-duisburg.de\/"},{"@type":"ListItem","position":2,"name":"Die Sch\u00fclervertretung der TKG"}]},{"@type":"WebSite","@id":"https:\/\/tkg-duisburg.de\/#website","url":"https:\/\/tkg-duisburg.de\/","name":"Theodor K\u00f6nig Gesamtschule Duisburg","description":"","potentialAction":[{"@type":"SearchAction","target":{"@type":"EntryPoint","urlTemplate":"https:\/\/tkg-duisburg.de\/?s={search_term_string}"},"query-input":"required name=search_term_string"}],"inLanguage":"de"}]}},"_links":{"self":[{"href":"https:\/\/tkg-duisburg.de\/index.php?rest_route=\/wp\/v2\/pages\/4020","targetHints":{"allow":["GET"]}}],"collection":[{"href":"https:\/\/tkg-duisburg.de\/index.php?rest_route=\/wp\/v2\/pages"}],"about":[{"href":"https:\/\/tkg-duisburg.de\/index.php?rest_route=\/wp\/v2\/types\/page"}],"author":[{"embeddable":true,"href":"https:\/\/tkg-duisburg.de\/index.php?rest_route=\/wp\/v2\/users\/5"}],"replies":[{"embeddable":true,"href":"https:\/\/tkg-duisburg.de\/index.php?rest_route=%2Fwp%2Fv2%2Fcomments&post=4020"}],"version-history":[{"count":5,"href":"https:\/\/tkg-duisburg.de\/index.php?rest_route=\/wp\/v2\/pages\/4020\/revisions"}],"predecessor-version":[{"id":8289,"href":"https:\/\/tkg-duisburg.de\/index.php?rest_route=\/wp\/v2\/pages\/4020\/revisions\/8289"}],"wp:attachment":[{"href":"https:\/\/tkg-duisburg.de\/index.php?rest_route=%2Fwp%2Fv2%2Fmedia&parent=4020"}],"curies":[{"name":"wp","href":"https:\/\/api.w.org\/{rel}","templated":true}]}}