{"id":4151,"date":"2019-12-13T15:18:14","date_gmt":"2019-12-13T13:18:14","guid":{"rendered":"http:\/\/tkg-duisburg.de\/?page_id=4151"},"modified":"2019-12-13T15:18:14","modified_gmt":"2019-12-13T13:18:14","slug":"leitbild-fuer-die-theodor-koenig-gesamtschule","status":"publish","type":"page","link":"https:\/\/tkg-duisburg.de\/?page_id=4151","title":{"rendered":"Leitbild f\u00fcr die Theodor-K\u00f6nig-Gesamtschule"},"content":{"rendered":"\n<div class=\"wp-block-image\"><figure class=\"alignright\"><img loading=\"lazy\" decoding=\"async\" width=\"338\" height=\"264\" src=\"https:\/\/tkg-duisburg.de\/wp-content\/uploads\/2019\/11\/logotkgneu.jpg\" alt=\"\" class=\"wp-image-4152\" srcset=\"https:\/\/tkg-duisburg.de\/wp-content\/uploads\/2019\/11\/logotkgneu.jpg 338w, https:\/\/tkg-duisburg.de\/wp-content\/uploads\/2019\/11\/logotkgneu-300x234.jpg 300w\" sizes=\"auto, (max-width: 338px) 100vw, 338px\" \/><\/figure><\/div>\n\n\n\n<p><strong>P<\/strong><strong>R\u00c4AMBEL<\/strong><strong><\/strong><\/p>\n\n\n\n<p>Wir, die\nTheodor-K\u00f6nig-Gesamtschule, sind als B\u00fcndelungsschule ein\nOrt des gemeinsamen Lernens. Wir bieten jedem Kind individuelle Lern- und Entfaltungsm\u00f6glichkeiten.\nWir schaffen eine Atmosph\u00e4re, in der die F\u00f6rderung von Gesundheit und\nAchtsamkeit einen zentralen Stellenwert hat. Wir erm\u00f6glichen\nLernvoraussetzungen f\u00fcr die gelingende und erfolgreiche Teilhabe an der\nGesellschaft durch berufsvorbereitende Ma\u00dfnahmen und die kritische\nAuseinandersetzung mit digitalen Medien. Wir best\u00e4rken unsere Sch\u00fclerinnen und\nSch\u00fcler in der Bewusstwerdung der eigenen F\u00e4higkeiten und Kompetenzen und\nberaten sie in ihren Wahl- und Handlungsm\u00f6glichkeiten. <\/p>\n\n\n\n<p><strong>L<\/strong><strong>EITS\u00c4TZE<\/strong><strong><\/strong><\/p>\n\n\n\n<p><strong>Wir sind gerecht<\/strong><\/p>\n\n\n\n<p>Wir halten uns an gemeinsam vereinbarte Regeln und bieten Angebote zur Selbstreflexion, indem wir transparent und zuverl\u00e4ssig arbeiten.<\/p>\n\n\n\n<p><\/p>\n\n\n\n<p><strong>Wir sind gesund <\/strong>&nbsp;&nbsp;&nbsp;&nbsp;&nbsp;&nbsp;&nbsp;&nbsp;&nbsp;&nbsp;&nbsp;&nbsp;&nbsp;&nbsp;&nbsp;&nbsp;&nbsp;&nbsp;&nbsp;&nbsp;&nbsp;&nbsp;&nbsp;&nbsp;&nbsp;&nbsp;&nbsp;&nbsp;&nbsp;&nbsp;&nbsp; <\/p>\n\n\n\n<p>Wir achten auf ein aktives und vitales Schulleben, indem wir viele (au\u00dfer-)unterrichtliche M\u00f6glichkeiten zu Bewegung und bewusster Ern\u00e4hrung bieten.<\/p>\n\n\n\n<p>Wir\nunterst\u00fctzen die Zufriedenheit unserer Sch\u00fclerinnen und Sch\u00fcler, indem wir\nihnen die Chance geben, sich sozial zu engagieren und individuell einzubringen.<\/p>\n\n\n\n<p><\/p>\n\n\n\n<p><strong>Wir sind bunt &nbsp;&nbsp;&nbsp;&nbsp;&nbsp;&nbsp;&nbsp;&nbsp;&nbsp;&nbsp;&nbsp;&nbsp;&nbsp;&nbsp;&nbsp;&nbsp;&nbsp;&nbsp;&nbsp;&nbsp;&nbsp;&nbsp;&nbsp;&nbsp;&nbsp;&nbsp;&nbsp;&nbsp;&nbsp;&nbsp;&nbsp;&nbsp;&nbsp;&nbsp;&nbsp;&nbsp;&nbsp; <\/strong><\/p>\n\n\n\n<p>Wir f\u00f6rdern (bei allen) Empathie und Vielfalt und fordern (von allen) Toleranz, Respekt und Zivilcourage, indem wir diese Werte konsequent auf allen Ebenen vorleben.<\/p>\n\n\n\n<p>Wir bewerten folglich\nimmer nur das Verhalten, nie die Person \u2013 egal welchen Geschlechts, welcher\nHerkunft und welchen Alters.<\/p>\n\n\n\n<p><\/p>\n\n\n\n<p><strong>Wir sind Gemeinschaft  &nbsp;&nbsp;&nbsp;&nbsp;&nbsp;&nbsp;&nbsp;&nbsp;&nbsp;&nbsp;&nbsp;&nbsp;&nbsp; <\/strong><\/p>\n\n\n\n<p>Wir <strong><em>lernen<\/em><\/strong> gemeinsam, indem wir uns gegenseitig\u00a0unterst\u00fctzen und Verantwortung f\u00fcr unseren Lernerfolg \u00fcbernehmen.<br>Wir <strong><em>leben<\/em><\/strong> gemeinsam, indem alle an Schule\u00a0beteiligten Personen den Schulalltag aktiv mitgestalten.<\/p>\n","protected":false},"excerpt":{"rendered":"<p>PR\u00c4AMBEL Wir, die Theodor-K\u00f6nig-Gesamtschule, sind als B\u00fcndelungsschule ein Ort des gemeinsamen Lernens. Wir bieten jedem Kind individuelle Lern- und Entfaltungsm\u00f6glichkeiten. Wir schaffen eine Atmosph\u00e4re, in der die F\u00f6rderung von Gesundheit und Achtsamkeit einen zentralen Stellenwert hat. Wir erm\u00f6glichen Lernvoraussetzungen f\u00fcr die gelingende und erfolgreiche Teilhabe an der Gesellschaft durch berufsvorbereitende Ma\u00dfnahmen und die kritische Auseinandersetzung &hellip; <a href=\"https:\/\/tkg-duisburg.de\/?page_id=4151\" class=\"more-link\"><span class=\"screen-reader-text\">Leitbild f\u00fcr die Theodor-K\u00f6nig-Gesamtschule<\/span> weiterlesen <span class=\"meta-nav\">&rarr;<\/span><\/a><\/p>\n","protected":false},"author":1,"featured_media":0,"parent":0,"menu_order":0,"comment_status":"closed","ping_status":"closed","template":"","meta":{"footnotes":""},"class_list":["post-4151","page","type-page","status-publish","hentry"],"yoast_head":"<!-- This site is optimized with the Yoast SEO plugin v22.6 - https:\/\/yoast.com\/wordpress\/plugins\/seo\/ -->\n<title>Leitbild f\u00fcr die Theodor-K\u00f6nig-Gesamtschule - Theodor K\u00f6nig Gesamtschule Duisburg<\/title>\n<meta name=\"robots\" content=\"index, follow, max-snippet:-1, max-image-preview:large, max-video-preview:-1\" \/>\n<link rel=\"canonical\" href=\"https:\/\/tkg-duisburg.de\/?page_id=4151\" \/>\n<meta property=\"og:locale\" content=\"de_DE\" \/>\n<meta property=\"og:type\" content=\"article\" \/>\n<meta property=\"og:title\" content=\"Leitbild f\u00fcr die Theodor-K\u00f6nig-Gesamtschule - Theodor K\u00f6nig Gesamtschule Duisburg\" \/>\n<meta property=\"og:description\" content=\"PR\u00c4AMBEL Wir, die Theodor-K\u00f6nig-Gesamtschule, sind als B\u00fcndelungsschule ein Ort des gemeinsamen Lernens. Wir bieten jedem Kind individuelle Lern- und Entfaltungsm\u00f6glichkeiten. Wir schaffen eine Atmosph\u00e4re, in der die F\u00f6rderung von Gesundheit und Achtsamkeit einen zentralen Stellenwert hat. Wir erm\u00f6glichen Lernvoraussetzungen f\u00fcr die gelingende und erfolgreiche Teilhabe an der Gesellschaft durch berufsvorbereitende Ma\u00dfnahmen und die kritische Auseinandersetzung &hellip; Leitbild f\u00fcr die Theodor-K\u00f6nig-Gesamtschule weiterlesen &rarr;\" \/>\n<meta property=\"og:url\" content=\"https:\/\/tkg-duisburg.de\/?page_id=4151\" \/>\n<meta property=\"og:site_name\" content=\"Theodor K\u00f6nig Gesamtschule Duisburg\" \/>\n<meta property=\"og:image\" content=\"http:\/\/tkg-duisburg.de\/wp-content\/uploads\/2019\/11\/logotkgneu.jpg\" \/>\n<meta name=\"twitter:card\" content=\"summary_large_image\" \/>\n<meta name=\"twitter:label1\" content=\"Gesch\u00e4tzte Lesezeit\" \/>\n\t<meta name=\"twitter:data1\" content=\"2\u00a0Minuten\" \/>\n<script type=\"application\/ld+json\" class=\"yoast-schema-graph\">{\"@context\":\"https:\/\/schema.org\",\"@graph\":[{\"@type\":\"WebPage\",\"@id\":\"https:\/\/tkg-duisburg.de\/?page_id=4151\",\"url\":\"https:\/\/tkg-duisburg.de\/?page_id=4151\",\"name\":\"Leitbild f\u00fcr die Theodor-K\u00f6nig-Gesamtschule - Theodor K\u00f6nig Gesamtschule Duisburg\",\"isPartOf\":{\"@id\":\"https:\/\/tkg-duisburg.de\/#website\"},\"primaryImageOfPage\":{\"@id\":\"https:\/\/tkg-duisburg.de\/?page_id=4151#primaryimage\"},\"image\":{\"@id\":\"https:\/\/tkg-duisburg.de\/?page_id=4151#primaryimage\"},\"thumbnailUrl\":\"http:\/\/tkg-duisburg.de\/wp-content\/uploads\/2019\/11\/logotkgneu.jpg\",\"datePublished\":\"2019-12-13T13:18:14+00:00\",\"dateModified\":\"2019-12-13T13:18:14+00:00\",\"breadcrumb\":{\"@id\":\"https:\/\/tkg-duisburg.de\/?page_id=4151#breadcrumb\"},\"inLanguage\":\"de\",\"potentialAction\":[{\"@type\":\"ReadAction\",\"target\":[\"https:\/\/tkg-duisburg.de\/?page_id=4151\"]}]},{\"@type\":\"ImageObject\",\"inLanguage\":\"de\",\"@id\":\"https:\/\/tkg-duisburg.de\/?page_id=4151#primaryimage\",\"url\":\"http:\/\/tkg-duisburg.de\/wp-content\/uploads\/2019\/11\/logotkgneu.jpg\",\"contentUrl\":\"http:\/\/tkg-duisburg.de\/wp-content\/uploads\/2019\/11\/logotkgneu.jpg\"},{\"@type\":\"BreadcrumbList\",\"@id\":\"https:\/\/tkg-duisburg.de\/?page_id=4151#breadcrumb\",\"itemListElement\":[{\"@type\":\"ListItem\",\"position\":1,\"name\":\"Startseite\",\"item\":\"https:\/\/tkg-duisburg.de\/\"},{\"@type\":\"ListItem\",\"position\":2,\"name\":\"Leitbild f\u00fcr die Theodor-K\u00f6nig-Gesamtschule\"}]},{\"@type\":\"WebSite\",\"@id\":\"https:\/\/tkg-duisburg.de\/#website\",\"url\":\"https:\/\/tkg-duisburg.de\/\",\"name\":\"Theodor K\u00f6nig Gesamtschule Duisburg\",\"description\":\"\",\"potentialAction\":[{\"@type\":\"SearchAction\",\"target\":{\"@type\":\"EntryPoint\",\"urlTemplate\":\"https:\/\/tkg-duisburg.de\/?s={search_term_string}\"},\"query-input\":\"required name=search_term_string\"}],\"inLanguage\":\"de\"}]}<\/script>\n<!-- \/ Yoast SEO plugin. -->","yoast_head_json":{"title":"Leitbild f\u00fcr die Theodor-K\u00f6nig-Gesamtschule - Theodor K\u00f6nig Gesamtschule Duisburg","robots":{"index":"index","follow":"follow","max-snippet":"max-snippet:-1","max-image-preview":"max-image-preview:large","max-video-preview":"max-video-preview:-1"},"canonical":"https:\/\/tkg-duisburg.de\/?page_id=4151","og_locale":"de_DE","og_type":"article","og_title":"Leitbild f\u00fcr die Theodor-K\u00f6nig-Gesamtschule - Theodor K\u00f6nig Gesamtschule Duisburg","og_description":"PR\u00c4AMBEL Wir, die Theodor-K\u00f6nig-Gesamtschule, sind als B\u00fcndelungsschule ein Ort des gemeinsamen Lernens. Wir bieten jedem Kind individuelle Lern- und Entfaltungsm\u00f6glichkeiten. Wir schaffen eine Atmosph\u00e4re, in der die F\u00f6rderung von Gesundheit und Achtsamkeit einen zentralen Stellenwert hat. Wir erm\u00f6glichen Lernvoraussetzungen f\u00fcr die gelingende und erfolgreiche Teilhabe an der Gesellschaft durch berufsvorbereitende Ma\u00dfnahmen und die kritische Auseinandersetzung &hellip; Leitbild f\u00fcr die Theodor-K\u00f6nig-Gesamtschule weiterlesen &rarr;","og_url":"https:\/\/tkg-duisburg.de\/?page_id=4151","og_site_name":"Theodor K\u00f6nig Gesamtschule Duisburg","og_image":[{"url":"http:\/\/tkg-duisburg.de\/wp-content\/uploads\/2019\/11\/logotkgneu.jpg"}],"twitter_card":"summary_large_image","twitter_misc":{"Gesch\u00e4tzte Lesezeit":"2\u00a0Minuten"},"schema":{"@context":"https:\/\/schema.org","@graph":[{"@type":"WebPage","@id":"https:\/\/tkg-duisburg.de\/?page_id=4151","url":"https:\/\/tkg-duisburg.de\/?page_id=4151","name":"Leitbild f\u00fcr die Theodor-K\u00f6nig-Gesamtschule - Theodor K\u00f6nig Gesamtschule Duisburg","isPartOf":{"@id":"https:\/\/tkg-duisburg.de\/#website"},"primaryImageOfPage":{"@id":"https:\/\/tkg-duisburg.de\/?page_id=4151#primaryimage"},"image":{"@id":"https:\/\/tkg-duisburg.de\/?page_id=4151#primaryimage"},"thumbnailUrl":"http:\/\/tkg-duisburg.de\/wp-content\/uploads\/2019\/11\/logotkgneu.jpg","datePublished":"2019-12-13T13:18:14+00:00","dateModified":"2019-12-13T13:18:14+00:00","breadcrumb":{"@id":"https:\/\/tkg-duisburg.de\/?page_id=4151#breadcrumb"},"inLanguage":"de","potentialAction":[{"@type":"ReadAction","target":["https:\/\/tkg-duisburg.de\/?page_id=4151"]}]},{"@type":"ImageObject","inLanguage":"de","@id":"https:\/\/tkg-duisburg.de\/?page_id=4151#primaryimage","url":"http:\/\/tkg-duisburg.de\/wp-content\/uploads\/2019\/11\/logotkgneu.jpg","contentUrl":"http:\/\/tkg-duisburg.de\/wp-content\/uploads\/2019\/11\/logotkgneu.jpg"},{"@type":"BreadcrumbList","@id":"https:\/\/tkg-duisburg.de\/?page_id=4151#breadcrumb","itemListElement":[{"@type":"ListItem","position":1,"name":"Startseite","item":"https:\/\/tkg-duisburg.de\/"},{"@type":"ListItem","position":2,"name":"Leitbild f\u00fcr die Theodor-K\u00f6nig-Gesamtschule"}]},{"@type":"WebSite","@id":"https:\/\/tkg-duisburg.de\/#website","url":"https:\/\/tkg-duisburg.de\/","name":"Theodor K\u00f6nig Gesamtschule Duisburg","description":"","potentialAction":[{"@type":"SearchAction","target":{"@type":"EntryPoint","urlTemplate":"https:\/\/tkg-duisburg.de\/?s={search_term_string}"},"query-input":"required name=search_term_string"}],"inLanguage":"de"}]}},"_links":{"self":[{"href":"https:\/\/tkg-duisburg.de\/index.php?rest_route=\/wp\/v2\/pages\/4151","targetHints":{"allow":["GET"]}}],"collection":[{"href":"https:\/\/tkg-duisburg.de\/index.php?rest_route=\/wp\/v2\/pages"}],"about":[{"href":"https:\/\/tkg-duisburg.de\/index.php?rest_route=\/wp\/v2\/types\/page"}],"author":[{"embeddable":true,"href":"https:\/\/tkg-duisburg.de\/index.php?rest_route=\/wp\/v2\/users\/1"}],"replies":[{"embeddable":true,"href":"https:\/\/tkg-duisburg.de\/index.php?rest_route=%2Fwp%2Fv2%2Fcomments&post=4151"}],"version-history":[{"count":2,"href":"https:\/\/tkg-duisburg.de\/index.php?rest_route=\/wp\/v2\/pages\/4151\/revisions"}],"predecessor-version":[{"id":4174,"href":"https:\/\/tkg-duisburg.de\/index.php?rest_route=\/wp\/v2\/pages\/4151\/revisions\/4174"}],"wp:attachment":[{"href":"https:\/\/tkg-duisburg.de\/index.php?rest_route=%2Fwp%2Fv2%2Fmedia&parent=4151"}],"curies":[{"name":"wp","href":"https:\/\/api.w.org\/{rel}","templated":true}]}}