{"id":7476,"date":"2022-12-02T09:14:59","date_gmt":"2022-12-02T07:14:59","guid":{"rendered":"https:\/\/tkg-duisburg.de\/?page_id=7476"},"modified":"2026-03-14T06:51:53","modified_gmt":"2026-03-14T04:51:53","slug":"anmeldung-jahrgang-5","status":"publish","type":"page","link":"https:\/\/tkg-duisburg.de\/?page_id=7476","title":{"rendered":"Anmeldung Jahrgang 5"},"content":{"rendered":"\n<p class=\"has-text-align-center\">&nbsp;<strong>Theodor \u2013 K\u00f6nig \u2013 Gesamtschule&nbsp;<\/strong><\/p>\n\n\n\n<p class=\"has-text-align-center\"><strong>Dependance 5\/6, Gartstr\u00e4ucherstr. 54, 47137 Duisburg&nbsp;<\/strong><\/p>\n\n\n<div class=\"wp-block-image\">\n<figure class=\"aligncenter size-full\"><img loading=\"lazy\" decoding=\"async\" width=\"850\" height=\"392\" src=\"https:\/\/tkg-duisburg.de\/wp-content\/uploads\/2022\/12\/image.png\" alt=\"\" class=\"wp-image-7504\" srcset=\"https:\/\/tkg-duisburg.de\/wp-content\/uploads\/2022\/12\/image.png 850w, https:\/\/tkg-duisburg.de\/wp-content\/uploads\/2022\/12\/image-300x138.png 300w\" sizes=\"auto, (max-width: 850px) 100vw, 850px\" \/><\/figure>\n<\/div>\n\n\n<p>&nbsp;<strong>Informationen zur Anmeldung f\u00fcr Jahrgang 5 f\u00fcr das Schuljahr 2026\/27&nbsp;<\/strong><\/p>\n\n\n\n<p>Die Anmeldungen finden statt von&nbsp;<\/p>\n\n\n\n<p class=\"has-text-align-center\"><strong>Montag, 13.04. \u2013 Freitag, 17.02.2026<\/strong><\/p>\n\n\n\n<p>Eine Anmeldung ist nur mit Termin m\u00f6glich.&nbsp;<\/p>\n\n\n\n<p>Bitte buchen Sie einen Termin \u00fcber das Onlineformular.&nbsp;<\/p>\n\n\n\n<p><strong>Buchen Sie hier einen Termin zur Anmeldung  ihres Kindes<\/strong><\/p>\n\n\n\n<div class=\"wp-block-bookly-form\"><!--\nPlugin Name: Bookly \u2013 Responsive WordPress Appointment Booking and Scheduling Plugin\nPlugin URI: https:\/\/www.booking-wp-plugin.com\/?utm_source=bookly_admin&utm_medium=plugins_page&utm_campaign=plugins_page\nVersion: 24.6-->\n<style type=\"text\/css\">\n    :root {\n        --bookly-main-color: #f4662f !important;\n    }\n\n    <\/style><div class=\"bookly-css-root\">\n    <div id=\"bookly-form-69eca429d4bd8\" class=\"bookly-form\" data-form_id=\"69eca429d4bd8\" aria-live=\"polite\">\n        <div style=\"text-align: center\"><img decoding=\"async\" src=\"https:\/\/tkg-duisburg.de\/wp-includes\/js\/tinymce\/skins\/lightgray\/img\/loader.gif\" alt=\"Wird geladen ...\"\/><\/div>\n    <\/div>\n<\/div>\n    <div class=\"powered-by-bookly\">Betrieben von        <a href=\"https:\/\/www.booking-wp-plugin.com\/?utm_source=referral&utm_medium=booking_widget\" target=\"_blank\">Bookly<\/a> \u2014\n        <a href=\"https:\/\/www.booking-wp-plugin.com\/?utm_source=referral&utm_medium=booking_widget\" target=\"_blank\">WordPress Booking Plugin<\/a>\n    <\/div>\n<script type=\"text\/javascript\">\n    (function (win, fn) {\n        var done = false, top = true,\n            doc = win.document,\n            root = doc.documentElement,\n            modern = doc.addEventListener,\n            add = modern ? 'addEventListener' : 'attachEvent',\n            rem = modern ? 'removeEventListener' : 'detachEvent',\n            pre = modern ? '' : 'on',\n            init = function (e) {\n                if (e.type == 'readystatechange') if (doc.readyState != 'complete') return;\n                (e.type == 'load' ? win : doc)[rem](pre + e.type, init, false);\n                if (!done) {\n                    done = true;\n                    fn.call(win, e.type || e);\n                }\n            },\n            poll = function () {\n                try {\n                    root.doScroll('left');\n                } catch (e) {\n                    setTimeout(poll, 50);\n                    return;\n                }\n                init('poll');\n            };\n        if (doc.readyState == 'complete') fn.call(win, 'lazy');\n        else {\n            if (!modern) if (root.doScroll) {\n                try {\n                    top = !win.frameElement;\n                } catch (e) {\n                }\n                if (top) poll();\n            }\n            doc[add](pre + 'DOMContentLoaded', init, false);\n            doc[add](pre + 'readystatechange', init, false);\n            win[add](pre + 'load', init, false);\n        }\n    })(window, function () {\n        window.bookly( {\"form_id\":\"69eca429d4bd8\",\"status\":{\"booking\":\"new\"},\"skip_steps\":{\"service_part1\":1,\"service_part2\":1,\"extras\":1,\"time\":0,\"repeat\":1,\"cart\":1},\"errors\":{\"session_error\":\"Session-Fehler.\",\"form_id_error\":\"Formular-ID Fehler.\",\"cart_item_not_available\":\"Die eingestellte Zeit ist nicht mehr vorhanden. Bitte w\\u00e4hlen Sie ein anderes Zeitfenster\\n.\",\"pay_locally_not_available\":\"Vor Ort zahlen ist nicht verf\\u00fcgbar.\",\"invalid_gateway\":\"Ung\\u00fcltiger Zugang.\",\"payment_error\":\"Fehler.\",\"incorrect_username_password\":\"Der Benutzername oder das Passwort ist falsch.\"},\"form_attributes\":{\"hide_categories\":true,\"hide_services\":true,\"hide_staff_members\":true,\"show_number_of_persons\":false,\"hide_service_duration\":true,\"hide_locations\":true,\"hide_quantity\":true,\"hide_date\":true,\"hide_week_days\":true,\"hide_time_range\":true},\"use_client_time_zone\":0,\"defaults\":{\"service_id\":1,\"staff_id\":0,\"location_id\":0,\"category_id\":0},\"datepicker_mode\":\"text-accent\",\"facebook\":{\"enabled\":1,\"appId\":\"\"}} );\n    });\n<\/script><\/div>\n\n\n\n<p>&nbsp;Bringen Sie bitte f\u00fcr die Anmeldung Ihres Kindes mit:&nbsp;<\/p>\n\n\n\n<ul class=\"wp-block-list\">\n<li>Ihr Kind&nbsp;<\/li>\n<\/ul>\n\n\n\n<ul class=\"wp-block-list\">\n<li>Anmeldebogen (2-fach, orange, wird von der Grundschule ausgegeben)&nbsp;<\/li>\n<\/ul>\n\n\n\n<ul class=\"wp-block-list\">\n<li> Geburtsurkunde oder Familienstammbuch oder Personalausweis&nbsp;<\/li>\n<\/ul>\n\n\n\n<ul class=\"wp-block-list\">\n<li>letztes Halbjahreszeugnis (4. Klasse, mit Schulformempfehlung)&nbsp;<\/li>\n<\/ul>\n\n\n\n<ul class=\"wp-block-list\">\n<li>Impfausweis&nbsp;<\/li>\n<\/ul>\n\n\n\n<ul class=\"wp-block-list\">\n<li>ausgef\u00fcllter Anmeldebogen&nbsp;<a href=\"#Download\">(zum Download)<\/a><\/li>\n\n\n\n<li>Datenschutzerkl\u00e4rung <a href=\"#datens\">(zum Download)<\/a><\/li>\n<\/ul>\n\n\n<h3 id=\"Download\"> Anmeldebogen <\/h3>\n\n\n<div data-wp-interactive=\"core\/file\" class=\"wp-block-file\"><object data-wp-bind--hidden=\"!state.hasPdfPreview\" hidden class=\"wp-block-file__embed\" data=\"https:\/\/tkg-duisburg.de\/wp-content\/uploads\/2025\/12\/Anmeldeschein.pdf\" type=\"application\/pdf\" style=\"width:100%;height:600px\" aria-label=\"Einbettung von Anmeldeschein.\"><\/object><a id=\"wp-block-file--media-5fb585e8-ad37-4d6f-aafd-df140fc16637\" href=\"https:\/\/tkg-duisburg.de\/wp-content\/uploads\/2025\/12\/Anmeldeschein.pdf\">Anmeldeschein<\/a><a href=\"https:\/\/tkg-duisburg.de\/wp-content\/uploads\/2025\/12\/Anmeldeschein.pdf\" class=\"wp-block-file__button wp-element-button\" download aria-describedby=\"wp-block-file--media-5fb585e8-ad37-4d6f-aafd-df140fc16637\">Herunterladen<\/a><\/div>\n\n\n<h3 id=\"datens\"> Datenschutzerkl\u00e4rung <\/h3>\n\n\n<div data-wp-interactive=\"core\/file\" class=\"wp-block-file\"><object data-wp-bind--hidden=\"!state.hasPdfPreview\" hidden class=\"wp-block-file__embed\" data=\"https:\/\/tkg-duisburg.de\/wp-content\/uploads\/2024\/12\/Datenschutzerklaerung.pdf\" type=\"application\/pdf\" style=\"width:100%;height:600px\" aria-label=\"Einbettung von Datenschutzerklaerung.\"><\/object><a id=\"wp-block-file--media-91acc913-5b6f-470f-978e-91c59ecfd15a\" href=\"https:\/\/tkg-duisburg.de\/wp-content\/uploads\/2024\/12\/Datenschutzerklaerung.pdf\">Datenschutzerklaerung<\/a><a href=\"https:\/\/tkg-duisburg.de\/wp-content\/uploads\/2024\/12\/Datenschutzerklaerung.pdf\" class=\"wp-block-file__button wp-element-button\" download aria-describedby=\"wp-block-file--media-91acc913-5b6f-470f-978e-91c59ecfd15a\">Herunterladen<\/a><\/div>\n\n\n\n<p>Alle Unterlagen m\u00fcssen als Original vorgelegt werden.&nbsp;<\/p>\n\n\n\n<p>Folgen Sie bitte der Beschilderung im Geb\u00e4ude.&nbsp;<\/p>\n\n\n\n<p><em>Wir freuen uns auf Sie und Ihr Kind&nbsp;<\/em><\/p>\n","protected":false},"excerpt":{"rendered":"<p>&nbsp;Theodor \u2013 K\u00f6nig \u2013 Gesamtschule&nbsp; Dependance 5\/6, Gartstr\u00e4ucherstr. 54, 47137 Duisburg&nbsp; &nbsp;Informationen zur Anmeldung f\u00fcr Jahrgang 5 f\u00fcr das Schuljahr 2026\/27&nbsp; Die Anmeldungen finden statt von&nbsp; Montag, 13.04. \u2013 Freitag, 17.02.2026 Eine Anmeldung ist nur mit Termin m\u00f6glich.&nbsp; Bitte buchen Sie einen Termin \u00fcber das Onlineformular.&nbsp; Buchen Sie hier einen Termin zur Anmeldung ihres Kindes &hellip; <a href=\"https:\/\/tkg-duisburg.de\/?page_id=7476\" class=\"more-link\"><span class=\"screen-reader-text\">Anmeldung Jahrgang 5<\/span> weiterlesen <span class=\"meta-nav\">&rarr;<\/span><\/a><\/p>\n","protected":false},"author":5,"featured_media":0,"parent":0,"menu_order":0,"comment_status":"closed","ping_status":"closed","template":"","meta":{"footnotes":""},"class_list":["post-7476","page","type-page","status-publish","hentry"],"yoast_head":"<!-- This site is optimized with the Yoast SEO plugin v22.6 - https:\/\/yoast.com\/wordpress\/plugins\/seo\/ -->\n<title>Anmeldung Jahrgang 5 - Theodor K\u00f6nig Gesamtschule Duisburg<\/title>\n<meta name=\"robots\" content=\"index, follow, max-snippet:-1, max-image-preview:large, max-video-preview:-1\" \/>\n<link rel=\"canonical\" href=\"https:\/\/tkg-duisburg.de\/?page_id=7476\" \/>\n<meta property=\"og:locale\" content=\"de_DE\" \/>\n<meta property=\"og:type\" content=\"article\" \/>\n<meta property=\"og:title\" content=\"Anmeldung Jahrgang 5 - Theodor K\u00f6nig Gesamtschule Duisburg\" \/>\n<meta property=\"og:description\" content=\"&nbsp;Theodor \u2013 K\u00f6nig \u2013 Gesamtschule&nbsp; Dependance 5\/6, Gartstr\u00e4ucherstr. 54, 47137 Duisburg&nbsp; &nbsp;Informationen zur Anmeldung f\u00fcr Jahrgang 5 f\u00fcr das Schuljahr 2026\/27&nbsp; Die Anmeldungen finden statt von&nbsp; Montag, 13.04. \u2013 Freitag, 17.02.2026 Eine Anmeldung ist nur mit Termin m\u00f6glich.&nbsp; Bitte buchen Sie einen Termin \u00fcber das Onlineformular.&nbsp; Buchen Sie hier einen Termin zur Anmeldung ihres Kindes &hellip; Anmeldung Jahrgang 5 weiterlesen &rarr;\" \/>\n<meta property=\"og:url\" content=\"https:\/\/tkg-duisburg.de\/?page_id=7476\" \/>\n<meta property=\"og:site_name\" content=\"Theodor K\u00f6nig Gesamtschule Duisburg\" \/>\n<meta property=\"article:modified_time\" content=\"2026-03-14T04:51:53+00:00\" \/>\n<meta property=\"og:image\" content=\"https:\/\/tkg-duisburg.de\/wp-content\/uploads\/2022\/12\/image.png\" \/>\n<meta name=\"twitter:card\" content=\"summary_large_image\" \/>\n<meta name=\"twitter:label1\" content=\"Gesch\u00e4tzte Lesezeit\" \/>\n\t<meta name=\"twitter:data1\" content=\"1\u00a0Minute\" \/>\n<script type=\"application\/ld+json\" class=\"yoast-schema-graph\">{\"@context\":\"https:\/\/schema.org\",\"@graph\":[{\"@type\":\"WebPage\",\"@id\":\"https:\/\/tkg-duisburg.de\/?page_id=7476\",\"url\":\"https:\/\/tkg-duisburg.de\/?page_id=7476\",\"name\":\"Anmeldung Jahrgang 5 - Theodor K\u00f6nig Gesamtschule Duisburg\",\"isPartOf\":{\"@id\":\"https:\/\/tkg-duisburg.de\/#website\"},\"primaryImageOfPage\":{\"@id\":\"https:\/\/tkg-duisburg.de\/?page_id=7476#primaryimage\"},\"image\":{\"@id\":\"https:\/\/tkg-duisburg.de\/?page_id=7476#primaryimage\"},\"thumbnailUrl\":\"https:\/\/tkg-duisburg.de\/wp-content\/uploads\/2022\/12\/image.png\",\"datePublished\":\"2022-12-02T07:14:59+00:00\",\"dateModified\":\"2026-03-14T04:51:53+00:00\",\"breadcrumb\":{\"@id\":\"https:\/\/tkg-duisburg.de\/?page_id=7476#breadcrumb\"},\"inLanguage\":\"de\",\"potentialAction\":[{\"@type\":\"ReadAction\",\"target\":[\"https:\/\/tkg-duisburg.de\/?page_id=7476\"]}]},{\"@type\":\"ImageObject\",\"inLanguage\":\"de\",\"@id\":\"https:\/\/tkg-duisburg.de\/?page_id=7476#primaryimage\",\"url\":\"https:\/\/tkg-duisburg.de\/wp-content\/uploads\/2022\/12\/image.png\",\"contentUrl\":\"https:\/\/tkg-duisburg.de\/wp-content\/uploads\/2022\/12\/image.png\",\"width\":850,\"height\":392},{\"@type\":\"BreadcrumbList\",\"@id\":\"https:\/\/tkg-duisburg.de\/?page_id=7476#breadcrumb\",\"itemListElement\":[{\"@type\":\"ListItem\",\"position\":1,\"name\":\"Startseite\",\"item\":\"https:\/\/tkg-duisburg.de\/\"},{\"@type\":\"ListItem\",\"position\":2,\"name\":\"Anmeldung Jahrgang 5\"}]},{\"@type\":\"WebSite\",\"@id\":\"https:\/\/tkg-duisburg.de\/#website\",\"url\":\"https:\/\/tkg-duisburg.de\/\",\"name\":\"Theodor K\u00f6nig Gesamtschule Duisburg\",\"description\":\"\",\"potentialAction\":[{\"@type\":\"SearchAction\",\"target\":{\"@type\":\"EntryPoint\",\"urlTemplate\":\"https:\/\/tkg-duisburg.de\/?s={search_term_string}\"},\"query-input\":\"required name=search_term_string\"}],\"inLanguage\":\"de\"}]}<\/script>\n<!-- \/ Yoast SEO plugin. -->","yoast_head_json":{"title":"Anmeldung Jahrgang 5 - Theodor K\u00f6nig Gesamtschule Duisburg","robots":{"index":"index","follow":"follow","max-snippet":"max-snippet:-1","max-image-preview":"max-image-preview:large","max-video-preview":"max-video-preview:-1"},"canonical":"https:\/\/tkg-duisburg.de\/?page_id=7476","og_locale":"de_DE","og_type":"article","og_title":"Anmeldung Jahrgang 5 - Theodor K\u00f6nig Gesamtschule Duisburg","og_description":"&nbsp;Theodor \u2013 K\u00f6nig \u2013 Gesamtschule&nbsp; Dependance 5\/6, Gartstr\u00e4ucherstr. 54, 47137 Duisburg&nbsp; &nbsp;Informationen zur Anmeldung f\u00fcr Jahrgang 5 f\u00fcr das Schuljahr 2026\/27&nbsp; Die Anmeldungen finden statt von&nbsp; Montag, 13.04. \u2013 Freitag, 17.02.2026 Eine Anmeldung ist nur mit Termin m\u00f6glich.&nbsp; Bitte buchen Sie einen Termin \u00fcber das Onlineformular.&nbsp; Buchen Sie hier einen Termin zur Anmeldung ihres Kindes &hellip; Anmeldung Jahrgang 5 weiterlesen &rarr;","og_url":"https:\/\/tkg-duisburg.de\/?page_id=7476","og_site_name":"Theodor K\u00f6nig Gesamtschule Duisburg","article_modified_time":"2026-03-14T04:51:53+00:00","og_image":[{"url":"https:\/\/tkg-duisburg.de\/wp-content\/uploads\/2022\/12\/image.png"}],"twitter_card":"summary_large_image","twitter_misc":{"Gesch\u00e4tzte Lesezeit":"1\u00a0Minute"},"schema":{"@context":"https:\/\/schema.org","@graph":[{"@type":"WebPage","@id":"https:\/\/tkg-duisburg.de\/?page_id=7476","url":"https:\/\/tkg-duisburg.de\/?page_id=7476","name":"Anmeldung Jahrgang 5 - Theodor K\u00f6nig Gesamtschule Duisburg","isPartOf":{"@id":"https:\/\/tkg-duisburg.de\/#website"},"primaryImageOfPage":{"@id":"https:\/\/tkg-duisburg.de\/?page_id=7476#primaryimage"},"image":{"@id":"https:\/\/tkg-duisburg.de\/?page_id=7476#primaryimage"},"thumbnailUrl":"https:\/\/tkg-duisburg.de\/wp-content\/uploads\/2022\/12\/image.png","datePublished":"2022-12-02T07:14:59+00:00","dateModified":"2026-03-14T04:51:53+00:00","breadcrumb":{"@id":"https:\/\/tkg-duisburg.de\/?page_id=7476#breadcrumb"},"inLanguage":"de","potentialAction":[{"@type":"ReadAction","target":["https:\/\/tkg-duisburg.de\/?page_id=7476"]}]},{"@type":"ImageObject","inLanguage":"de","@id":"https:\/\/tkg-duisburg.de\/?page_id=7476#primaryimage","url":"https:\/\/tkg-duisburg.de\/wp-content\/uploads\/2022\/12\/image.png","contentUrl":"https:\/\/tkg-duisburg.de\/wp-content\/uploads\/2022\/12\/image.png","width":850,"height":392},{"@type":"BreadcrumbList","@id":"https:\/\/tkg-duisburg.de\/?page_id=7476#breadcrumb","itemListElement":[{"@type":"ListItem","position":1,"name":"Startseite","item":"https:\/\/tkg-duisburg.de\/"},{"@type":"ListItem","position":2,"name":"Anmeldung Jahrgang 5"}]},{"@type":"WebSite","@id":"https:\/\/tkg-duisburg.de\/#website","url":"https:\/\/tkg-duisburg.de\/","name":"Theodor K\u00f6nig Gesamtschule Duisburg","description":"","potentialAction":[{"@type":"SearchAction","target":{"@type":"EntryPoint","urlTemplate":"https:\/\/tkg-duisburg.de\/?s={search_term_string}"},"query-input":"required name=search_term_string"}],"inLanguage":"de"}]}},"_links":{"self":[{"href":"https:\/\/tkg-duisburg.de\/index.php?rest_route=\/wp\/v2\/pages\/7476","targetHints":{"allow":["GET"]}}],"collection":[{"href":"https:\/\/tkg-duisburg.de\/index.php?rest_route=\/wp\/v2\/pages"}],"about":[{"href":"https:\/\/tkg-duisburg.de\/index.php?rest_route=\/wp\/v2\/types\/page"}],"author":[{"embeddable":true,"href":"https:\/\/tkg-duisburg.de\/index.php?rest_route=\/wp\/v2\/users\/5"}],"replies":[{"embeddable":true,"href":"https:\/\/tkg-duisburg.de\/index.php?rest_route=%2Fwp%2Fv2%2Fcomments&post=7476"}],"version-history":[{"count":22,"href":"https:\/\/tkg-duisburg.de\/index.php?rest_route=\/wp\/v2\/pages\/7476\/revisions"}],"predecessor-version":[{"id":9242,"href":"https:\/\/tkg-duisburg.de\/index.php?rest_route=\/wp\/v2\/pages\/7476\/revisions\/9242"}],"wp:attachment":[{"href":"https:\/\/tkg-duisburg.de\/index.php?rest_route=%2Fwp%2Fv2%2Fmedia&parent=7476"}],"curies":[{"name":"wp","href":"https:\/\/api.w.org\/{rel}","templated":true}]}}