{"id":84,"date":"2014-01-06T18:36:14","date_gmt":"2014-01-06T16:36:14","guid":{"rendered":"http:\/\/tkg-duisburg.de\/?page_id=84"},"modified":"2014-10-22T09:58:42","modified_gmt":"2014-10-22T07:58:42","slug":"konzept-der-tkg","status":"publish","type":"page","link":"https:\/\/tkg-duisburg.de\/?page_id=84","title":{"rendered":"Konzept der TKG"},"content":{"rendered":"<p>&#8211; Ma\u00dfnahmen der Berufswahlvorbereitung<br \/>\n&#8211; Betriebserkundung und Betriebspraktikum in den Jahrgangsstufen 8, 9, 10, 12<br \/>\nF\u00fcr die Theodor-K\u00f6nig-Gesamtschule hat die Berufswahlvorbereitung einen ganz hohen Stellenwert. Sehr fr\u00fch werden die Sch\u00fclerinnen und Sch\u00fcler im Unterricht mit Themen aus der Berufswelt und mit konkreten Berufen und Berufsfeldern bekannt gemacht.<\/p>\n<p>Direkten \u201cpraktischen\u201d Kontakt zur Arbeitswelt nehmen die Sch\u00fclerinnen und Sch\u00fcler erstmals in der 8. Klasse auf. Es folgen Betriebserkundungen und Betriebspraktika in den Jahrgangsstufen 8, 9, 10 und 12.<br \/>\nErg\u00e4nzt werden diese Praktika durch (im Unterricht vorbereitete) Besuche des Berufsinformationszentrums der Agentur f\u00fcr Arbeit, von Ausbildungsb\u00f6rsen, Berufsmessen und Betrieben sowie Betriebserkundungen.<\/p>\n<p>Selbstverst\u00e4ndlich ist die Theodor-K\u00f6nig Gesamtschule ab Klasse 8 in das Landesprojekt \u201cKein Abschluss ohne Anschluss\u201d eingebunden.<\/p>\n<p>Eine Besonderheit an unserer Schule ist die Einrichtung einer \u201cPraktikumsklasse in Jahrgang 10\u201d. Die Sch\u00fclerinnen und Sch\u00fcler dieser Klasse gehen jeden Donnerstag in einen Praktikumsbetrieb, in dem sie ein Jahr lang konkrete praktische Berufserfahrungen sammeln und sich mit den Aufgaben und Abl\u00e4ufen in einem Betrieb vertraut machen. Dies soll die Chancen auf \u00dcbernahme in ein Ausbilduungsverh\u00e4ltnis nach der 10. Klasse deutlich erh\u00f6hen.<br \/>\nF\u00fcr die Sch\u00fclerinnen und Sch\u00fcler dieser Klasse gilt die gleiche Stundentafel wie f\u00fcr alle anderen. Alle Schulabschl\u00fcsse nach Klasse 10 sind auch in dieser Klasse erreichbar.<\/p>\n<p>Wir hoffen, mit den vielf\u00e4ltigen Ma\u00dfnahmen zur Berufsvorbereitung m\u00f6glichst vielen Sch\u00fc-lerinnen und Sch\u00fclern entscheidende Anregungen und Hilfen bei der Berufswahl und den Bewerbungsverfahren geben zu k\u00f6nnen und ihnen den Eintritt in das Berufsleben zu erleichtern.<\/p>\n<p>D. Winkelmann<br \/>\n&#8211; Schulleiter &#8211;<\/p>\n","protected":false},"excerpt":{"rendered":"<p>&#8211; Ma\u00dfnahmen der Berufswahlvorbereitung &#8211; Betriebserkundung und Betriebspraktikum in den Jahrgangsstufen 8, 9, 10, 12 F\u00fcr die Theodor-K\u00f6nig-Gesamtschule hat die Berufswahlvorbereitung einen ganz hohen Stellenwert. Sehr fr\u00fch werden die Sch\u00fclerinnen und Sch\u00fcler im Unterricht mit Themen aus der Berufswelt und mit konkreten Berufen und Berufsfeldern bekannt gemacht. Direkten \u201cpraktischen\u201d Kontakt zur Arbeitswelt nehmen die Sch\u00fclerinnen &hellip; <a href=\"https:\/\/tkg-duisburg.de\/?page_id=84\" class=\"more-link\"><span class=\"screen-reader-text\">Konzept der TKG<\/span> weiterlesen <span class=\"meta-nav\">&rarr;<\/span><\/a><\/p>\n","protected":false},"author":1,"featured_media":0,"parent":55,"menu_order":0,"comment_status":"closed","ping_status":"open","template":"","meta":{"footnotes":""},"class_list":["post-84","page","type-page","status-publish","hentry"],"yoast_head":"<!-- This site is optimized with the Yoast SEO plugin v22.6 - https:\/\/yoast.com\/wordpress\/plugins\/seo\/ -->\n<title>Konzept der TKG - Theodor K\u00f6nig Gesamtschule Duisburg<\/title>\n<meta name=\"robots\" content=\"index, follow, max-snippet:-1, max-image-preview:large, max-video-preview:-1\" \/>\n<link rel=\"canonical\" href=\"https:\/\/tkg-duisburg.de\/?page_id=84\" \/>\n<meta property=\"og:locale\" content=\"de_DE\" \/>\n<meta property=\"og:type\" content=\"article\" \/>\n<meta property=\"og:title\" content=\"Konzept der TKG - Theodor K\u00f6nig Gesamtschule Duisburg\" \/>\n<meta property=\"og:description\" content=\"&#8211; Ma\u00dfnahmen der Berufswahlvorbereitung &#8211; Betriebserkundung und Betriebspraktikum in den Jahrgangsstufen 8, 9, 10, 12 F\u00fcr die Theodor-K\u00f6nig-Gesamtschule hat die Berufswahlvorbereitung einen ganz hohen Stellenwert. Sehr fr\u00fch werden die Sch\u00fclerinnen und Sch\u00fcler im Unterricht mit Themen aus der Berufswelt und mit konkreten Berufen und Berufsfeldern bekannt gemacht. Direkten \u201cpraktischen\u201d Kontakt zur Arbeitswelt nehmen die Sch\u00fclerinnen &hellip; Konzept der TKG weiterlesen &rarr;\" \/>\n<meta property=\"og:url\" content=\"https:\/\/tkg-duisburg.de\/?page_id=84\" \/>\n<meta property=\"og:site_name\" content=\"Theodor K\u00f6nig Gesamtschule Duisburg\" \/>\n<meta property=\"article:modified_time\" content=\"2014-10-22T07:58:42+00:00\" \/>\n<meta name=\"twitter:card\" content=\"summary_large_image\" \/>\n<meta name=\"twitter:label1\" content=\"Gesch\u00e4tzte Lesezeit\" \/>\n\t<meta name=\"twitter:data1\" content=\"1\u00a0Minute\" \/>\n<script type=\"application\/ld+json\" class=\"yoast-schema-graph\">{\"@context\":\"https:\/\/schema.org\",\"@graph\":[{\"@type\":\"WebPage\",\"@id\":\"https:\/\/tkg-duisburg.de\/?page_id=84\",\"url\":\"https:\/\/tkg-duisburg.de\/?page_id=84\",\"name\":\"Konzept der TKG - Theodor K\u00f6nig Gesamtschule Duisburg\",\"isPartOf\":{\"@id\":\"https:\/\/tkg-duisburg.de\/#website\"},\"datePublished\":\"2014-01-06T16:36:14+00:00\",\"dateModified\":\"2014-10-22T07:58:42+00:00\",\"breadcrumb\":{\"@id\":\"https:\/\/tkg-duisburg.de\/?page_id=84#breadcrumb\"},\"inLanguage\":\"de\",\"potentialAction\":[{\"@type\":\"ReadAction\",\"target\":[\"https:\/\/tkg-duisburg.de\/?page_id=84\"]}]},{\"@type\":\"BreadcrumbList\",\"@id\":\"https:\/\/tkg-duisburg.de\/?page_id=84#breadcrumb\",\"itemListElement\":[{\"@type\":\"ListItem\",\"position\":1,\"name\":\"Startseite\",\"item\":\"https:\/\/tkg-duisburg.de\/\"},{\"@type\":\"ListItem\",\"position\":2,\"name\":\"Linksammlung Berufswahl\",\"item\":\"https:\/\/tkg-duisburg.de\/?page_id=55\"},{\"@type\":\"ListItem\",\"position\":3,\"name\":\"Konzept der TKG\"}]},{\"@type\":\"WebSite\",\"@id\":\"https:\/\/tkg-duisburg.de\/#website\",\"url\":\"https:\/\/tkg-duisburg.de\/\",\"name\":\"Theodor K\u00f6nig Gesamtschule Duisburg\",\"description\":\"\",\"potentialAction\":[{\"@type\":\"SearchAction\",\"target\":{\"@type\":\"EntryPoint\",\"urlTemplate\":\"https:\/\/tkg-duisburg.de\/?s={search_term_string}\"},\"query-input\":\"required name=search_term_string\"}],\"inLanguage\":\"de\"}]}<\/script>\n<!-- \/ Yoast SEO plugin. -->","yoast_head_json":{"title":"Konzept der TKG - Theodor K\u00f6nig Gesamtschule Duisburg","robots":{"index":"index","follow":"follow","max-snippet":"max-snippet:-1","max-image-preview":"max-image-preview:large","max-video-preview":"max-video-preview:-1"},"canonical":"https:\/\/tkg-duisburg.de\/?page_id=84","og_locale":"de_DE","og_type":"article","og_title":"Konzept der TKG - Theodor K\u00f6nig Gesamtschule Duisburg","og_description":"&#8211; Ma\u00dfnahmen der Berufswahlvorbereitung &#8211; Betriebserkundung und Betriebspraktikum in den Jahrgangsstufen 8, 9, 10, 12 F\u00fcr die Theodor-K\u00f6nig-Gesamtschule hat die Berufswahlvorbereitung einen ganz hohen Stellenwert. Sehr fr\u00fch werden die Sch\u00fclerinnen und Sch\u00fcler im Unterricht mit Themen aus der Berufswelt und mit konkreten Berufen und Berufsfeldern bekannt gemacht. Direkten \u201cpraktischen\u201d Kontakt zur Arbeitswelt nehmen die Sch\u00fclerinnen &hellip; Konzept der TKG weiterlesen &rarr;","og_url":"https:\/\/tkg-duisburg.de\/?page_id=84","og_site_name":"Theodor K\u00f6nig Gesamtschule Duisburg","article_modified_time":"2014-10-22T07:58:42+00:00","twitter_card":"summary_large_image","twitter_misc":{"Gesch\u00e4tzte Lesezeit":"1\u00a0Minute"},"schema":{"@context":"https:\/\/schema.org","@graph":[{"@type":"WebPage","@id":"https:\/\/tkg-duisburg.de\/?page_id=84","url":"https:\/\/tkg-duisburg.de\/?page_id=84","name":"Konzept der TKG - Theodor K\u00f6nig Gesamtschule Duisburg","isPartOf":{"@id":"https:\/\/tkg-duisburg.de\/#website"},"datePublished":"2014-01-06T16:36:14+00:00","dateModified":"2014-10-22T07:58:42+00:00","breadcrumb":{"@id":"https:\/\/tkg-duisburg.de\/?page_id=84#breadcrumb"},"inLanguage":"de","potentialAction":[{"@type":"ReadAction","target":["https:\/\/tkg-duisburg.de\/?page_id=84"]}]},{"@type":"BreadcrumbList","@id":"https:\/\/tkg-duisburg.de\/?page_id=84#breadcrumb","itemListElement":[{"@type":"ListItem","position":1,"name":"Startseite","item":"https:\/\/tkg-duisburg.de\/"},{"@type":"ListItem","position":2,"name":"Linksammlung Berufswahl","item":"https:\/\/tkg-duisburg.de\/?page_id=55"},{"@type":"ListItem","position":3,"name":"Konzept der TKG"}]},{"@type":"WebSite","@id":"https:\/\/tkg-duisburg.de\/#website","url":"https:\/\/tkg-duisburg.de\/","name":"Theodor K\u00f6nig Gesamtschule Duisburg","description":"","potentialAction":[{"@type":"SearchAction","target":{"@type":"EntryPoint","urlTemplate":"https:\/\/tkg-duisburg.de\/?s={search_term_string}"},"query-input":"required name=search_term_string"}],"inLanguage":"de"}]}},"_links":{"self":[{"href":"https:\/\/tkg-duisburg.de\/index.php?rest_route=\/wp\/v2\/pages\/84","targetHints":{"allow":["GET"]}}],"collection":[{"href":"https:\/\/tkg-duisburg.de\/index.php?rest_route=\/wp\/v2\/pages"}],"about":[{"href":"https:\/\/tkg-duisburg.de\/index.php?rest_route=\/wp\/v2\/types\/page"}],"author":[{"embeddable":true,"href":"https:\/\/tkg-duisburg.de\/index.php?rest_route=\/wp\/v2\/users\/1"}],"replies":[{"embeddable":true,"href":"https:\/\/tkg-duisburg.de\/index.php?rest_route=%2Fwp%2Fv2%2Fcomments&post=84"}],"version-history":[{"count":3,"href":"https:\/\/tkg-duisburg.de\/index.php?rest_route=\/wp\/v2\/pages\/84\/revisions"}],"predecessor-version":[{"id":1117,"href":"https:\/\/tkg-duisburg.de\/index.php?rest_route=\/wp\/v2\/pages\/84\/revisions\/1117"}],"up":[{"embeddable":true,"href":"https:\/\/tkg-duisburg.de\/index.php?rest_route=\/wp\/v2\/pages\/55"}],"wp:attachment":[{"href":"https:\/\/tkg-duisburg.de\/index.php?rest_route=%2Fwp%2Fv2%2Fmedia&parent=84"}],"curies":[{"name":"wp","href":"https:\/\/api.w.org\/{rel}","templated":true}]}}